 remainder when 5 is divided by t?
0
Let g be -4 + 84 + (8 - 4). Suppose g = 14*d - 8*d. Suppose -2*l = y - 3*y + 82, 0 = 5*y - 4*l - 204. Calculate the remainder when y is divided by d.
12
Suppose -11 = -9*a + 268. Calculate the remainder when a is divided by 17.
14
Suppose 0 = 3*o - 3*r - 39, 3*r + 1 + 5 = 0. Suppose 2*y + q = 2*q + 13, y = -q - 1. Calculate the remainder when o is divided by y.
3
Let x be -15*((-132)/(-9))/4. Calculate the remainder when x*(3 + (-4)/1) is divided by 15.
10
Let t(i) = -13 - 6*i**2 - 9*i - 10 + 4 + i**3. Suppose -3*c - 32 = -7*c. Calculate the remainder when t(c) is divided by 10.
7
Let z = -498 - -740. Calculate the remainder when z is divided by 49.
46
Let o = 167 - 150. Calculate the remainder when 47 is divided by o.
13
Suppose 5*g + 0*g - 2*s - 86 = 0, s = -4*g + 61. Calculate the remainder when 252 is divided by g.
12
Suppose 24*g - 25*g + 16 = 0. Calculate the remainder when g is divided by 10.
6
Let u be 2 + 2 - 2/((-4)/(-2)). Suppose 325 = 4*x - u*c, 5*c = 2*x - 108 - 51. What is the remainder when x is divided by 21?
19
Let n(y) = -y**3 - 6*y**2 - 5*y + 3. Let b be n(-5). Let h be -1 + -4 + 22 - b. Calculate the remainder when 46/14 - 4/h is divided by 1.
0
Let k(y) = y. Calculate the remainder when -26*1*5/(-10) is divided by k(4).
1
Suppose 2*b - b - 4 = 0. Suppose b*m = -u + 55, -2*u + 2*m = 3*m - 124. Let d = u + 23. What is the remainder when d is divided by 22?
20
Let j(y) = 80*y**3 - y**2 + y - 1. Let i be j(1). Suppose -31 = -5*p + i. Calculate the remainder when 63 is divided by p.
19
Let k(v) = 23*v**2 + 6*v - 13. Calculate the remainder when k(-5) is divided by 41.
40
Let y be 2*(490/(-4))/7. Let s be (-464)/5 + (-28)/y. Calculate the remainder when s/(-6)*(-9)/(-6) is divided by 9.
5
Let g(b) = b**3 + b**2 + b + 11. Calculate the remainder when g(0) is divided by 10/(-35)*4*35/(-10).
3
Suppose 3*z = 5*b + 897, 10*z - 5*b = 5*z + 1505. Calculate the remainder when z is divided by 81.
61
Let g(x) = -58*x + 2. Calculate the remainder when 113 is divided by g(-1).
53
Suppose 4*y - 26 - 26 = 0. Suppose 1200 = 17*f - y*f. What is the remainder when 2*(f/8 + -4) is divided by 14?
11
Suppose -66*q + 43*q = -943. Calculate the remainder when 69 is divided by q.
28
Let f(m) be the first derivative of -m**4/4 - m**3 + 3*m**2/2 + 4*m + 5. Let p be f(-3). What is the remainder when 77 is divided by 19 - 2 - (p + 2)?
17
Let b = 187 - 288. Let l = b - -209. Calculate the remainder when l is divided by 37.
34
Let r = -328 + 475. Let u = r - 68. Suppose 9*q - 232 = -3*z + 4*q, 2*q = -z + u. What is the remainder when z is divided by 24?
21
Suppose 38 = -3*w + 2*w. Let p = -20 - w. Suppose p - 2 = s. Calculate the remainder when 29 is divided by s.
13
Let c(j) = -2*j**3 + 14*j**2 - 3*j + 2. Let z be c(7). Let s(t) = t**3 + 18*t**2 - 24*t + 26. Calculate the remainder when s(z) is divided by 18.
13
Suppose y + 10 = 5. Let u(a) = a**2 - 7*a - 12. Calculate the remainder when u(y) is divided by 17.
14
Suppose -3*c + 3*g = -g - 197, 4*c - 272 = 3*g. Calculate the remainder when 281 is divided by c.
68
Suppose 34 = -4*x + 146. Calculate the remainder when 77 is divided by x - (4 - 1) - -2.
23
Suppose -4*s - 28 = 2*z + 2*z, -5*s = -5*z - 5. Calculate the remainder when 46 is divided by (-6)/(-10)*z*-5.
10
Let d(h) = h**3 + 8*h**2 + 5*h + 7. Calculate the remainder when 128 is divided by d(-5).
14
Suppose -q + 478 = 2*s, -24*q + 984 = 4*s - 29*q. What is the remainder when s is divided by 82?
77
Calculate the remainder when 105 is divided by (-36)/(-54)*(-87)/(-2).
18
Let g(q) = q - 7. Let x be g(5). Let l be 28/12 - x/(-6). Suppose 8 = -l*j + 28. Calculate the remainder when 19 is divided by j.
9
Suppose -5*g - 5*k + 39 = -676, -k - 286 = -2*g. Calculate the remainder when g is divided by 20.
3
Let j(r) = -2*r + 9. What is the remainder when 16 is divided by j(2)?
1
Let f be 90/(12/80*-2). Let t = -150 - f. Let d = 32 + 6. What is the remainder when t is divided by d?
36
Let p be (-3)/2*(56/(-12) + 2). Suppose -p*c + 3*k = -13, 5*c - 19 = k + 11. Calculate the remainder when 13 is divided by c.
6
Let z = 506 - 495. What is the remainder when z is divided by -1*(2 + -2) + 2?
1
Let a(v) = -v**3 + 12*v**2 - 26. Calculate the remainder when a(7) is divided by 13.
11
Suppose 3*g - 24 = -d, -d - 2*d = 4*g - 27. Suppose 296 = 7*u - 201. What is the remainder when u is divided by 3 + (g - 1 - -1)?
11
Let s be 3 - ((-6)/(-2) - 3). Suppose s*l = -2*k + 88, -9 = -5*k + 16. What is the remainder when l is divided by 11?
4
Let z be 5 + 5 - (1 + -3 + 2). Suppose -9*i - 22 = -z*i. What is the remainder when i is divided by 9?
4
What is the remainder when (745/15 - 7) + 6/(-9) is divided by 35?
7
Let z = 304 - 298. Calculate the remainder when 48 is divided by z.
0
Let a = -21 - -24. Suppose 9 = 5*f + a*k - 2*k, -2*f + 2*k = -6. Calculate the remainder when 13 is divided by f.
1
Suppose -3*i = -4*i - 2. Let f(z) be the first derivative of -z**4/2 - z**3 - z**2 + z + 8. What is the remainder when 16 is divided by f(i)?
7
Suppose 0*p - 6 = 3*t + 4*p, 2*p = -4*t + 2. Suppose -138 + 44 = -t*h. What is the remainder when h is divided by 10?
7
Let l = 2097 - 2002. What is the remainder when 470 is divided by l?
90
Let j be ((-2)/(-2) - -1)*2. Suppose j*u = 7*u - 15. Calculate the remainder when 5 is divided by u.
0
Suppose -s + 2 = k - 1, -3*k = 2*s - 3. What is the remainder when 15 is divided by -1*(-13 + 3*4/s)?
4
What is the remainder when (-12)/(-24) + (-411)/(-6) is divided by 37?
32
Suppose 6*l = 5*l + 2. Suppose 4*m = 3*q - 95, l*q + 8*m = 5*m + 35. What is the remainder when 34 is divided by q?
9
Suppose -4*u + 226 = -5*j, 106*u - 4*j = 102*u + 228. Let y(p) = -p**2 - 11*p + 7. Calculate the remainder when u is divided by y(-8).
28
Suppose -27*k + 21*k + 60 = 0. Calculate the remainder when 485 is divided by k.
5
Suppose 2 = 2*i, -2*n - 2*i + 117 = -211. What is the remainder when n is divided by 11?
9
Let v = -35 - -41. Calculate the remainder when 5096/39 + (-4)/v is divided by 33.
31
Let y be 4/(-14) + 2696/28. Suppose i = -4*r - 96, -4*i + i = -4*r - y. What is the remainder when 23 is divided by 1/(-2)*(r + 0)?
11
Suppose -2*v - 2*b + 206 = 2*b, -3*v - 5*b = -305. Suppose 3*y - 118 = v. Let i = 104 - y. What is the remainder when i is divided by 9?
6
Let y(z) = -z**2 + 4*z + 5. Let f be y(5). Suppose 21 = 5*s - 4. What is the remainder when 55/5 + (f - -2) is divided by s?
3
What is the remainder when 79 is divided by ((-675)/20)/5*-4?
25
Let z = 52 - 20. What is the remainder when (2/(-4))/((-2)/84) is divided by (7 + 65/(-10))/(2/z)?
5
Suppose 0*h = -2*h + 5*j + 60, 3*h - 3*j = 72. Let o be ((-40)/50 + 4*-1)*-5. Suppose 0 = -o*i + 22*i + 16. What is the remainder when h is divided by i?
4
Let d(i) = -i**2 - 7*i - 8. Let g be d(-4). Let x = 4 - 1. Suppose -5*o + 124 = -o - 4*f, g*o - 103 = -x*f. Calculate the remainder when o is divided by 10.
8
Let l(d) = d**3 - 18*d**2 + 16*d + 30. Calculate the remainder when 21 is divided by l(17).
8
Suppose 5*l - 8 = -3. Let z = l - -19. What is the remainder when 28 is divided by ((-9)/(-9))/(2/z)?
8
Suppose -8*p + 80 + 48 = 0. Suppose p*r - 17*r + 13 = 0. Calculate the remainder when 77 is divided by r.
12
Let d(a) = -a**3 - 3*a - 1. Let v(g) be the first derivative of -g**4/4 - 3. Let x(q) = -d(q) + 3*v(q). Calculate the remainder when 20 is divided by x(-2).
9
Let d = 2 - -39. Let p(h) = h**3 - h**2 - 3*h. Let n be p(5). Suppose -2*j + 3*j - q - 16 = 0, -n = -5*j + 4*q. What is the remainder when d is divided by j?
20
Let g(m) = 2*m**2 - 2*m - 103. Calculate the remainder when g(25) is divided by 55.
52
Suppose 40*h + 2 = 41*h. What is the remainder when 64 is divided by (-77)/7*2/(-4 + h)?
9
Suppose 219 = 4*m - 3*b, 5*m - 3*b - 174 = 96. Suppose 2*q = m - 25. What is the remainder when 102 is divided by q?
11
Let m = 4 + -6. Let u = 43 - 5. Calculate the remainder when u is divided by -10*(-1)/m*-4.
18
Suppose 474 = 14*z - 11*z. What is the remainder when z is divided by 81?
77
Let b = 25 + -14. Let l(w) = -w**3 + 11*w**2 + w - 4. Suppose 117 = -8*h + 157. Calculate the remainder when l(b) is divided by h.
2
Suppose 13*o = 18*o + 20. Let u(x) = 13*x + 1. Calculate the r